der when j is divided by 16.
14
Let a(u) = -u**3 + 7*u**2 + 5*u - 8. What is the remainder when 78 is divided by a(7)?
24
Suppose -5*l = -65 - 50. Let u = 27 - 15. What is the remainder when l is divided by u?
11
Let h = 0 + 2. Suppose -h*f + 196 = 2*f. What is the remainder when f is divided by 13?
10
Let l be (16/(-6))/((-2)/18). Suppose 0*j - l = -3*j. Suppose 3*d + 2 - 25 = -4*b, 2*d + 2*b = 14. Calculate the remainder when j is divided by d.
3
Let p be (-1 + (2 - 0))*1. Suppose 2*u - p + 10 = 3*v, -16 = 3*u - 5*v. Suppose 14 = u*o + 2. What is the remainder when o is divided by 2?
0
Let r = -235 + 109. Let v be r/(-35) + (-2)/(-5). Let m = 23 - v. Calculate the remainder when m is divided by 10.
9
What is the remainder when 12/(-4 - -1)*(-29)/2 is divided by 31?
27
Let g(p) = 2*p**2 + 3*p + 5. Let z be g(-4). Suppose -z = -2*d + 7*d. Let s(i) = -i**2 - 6*i + 5. What is the remainder when s(d) is divided by 4?
2
Suppose 0 = -7*m + 9*m - 30. Calculate the remainder when 29 is divided by m.
14
Suppose -3*z - 276 = -6*z. Calculate the remainder when z is divided by 33.
26
Suppose -4*x - i = -137, 5*x + 0*i - 4*i = 187. What is the remainder when x is divided by 1/((-2)/(1 + -25))?
11
Calculate the remainder when (-1)/(-3)*0 + 24 is divided by 7.
3
Suppose m - 2*m - 5*a - 13 = 0, 0 = -4*m + 5*a + 48. Suppose -5*c - 3 - 2 = 0. What is the remainder when (4/(-3))/(c/9) is divided by m?
5
Let q(k) = -25*k**3 + k**2 + 2*k + 1. What is the remainder when q(-1) is divided by 7?
4
Suppose c - 19 = 10. What is the remainder when 54 is divided by c?
25
Let y be 29 - (-4 - -8 - 5). Let n = -15 + y. Calculate the remainder when n is divided by 4.
3
Let o(y) = -y**3 + 10*y**2 - 6*y - 13. Calculate the remainder when 36 is divided by o(9).
8
Let l = 88 + -78. Calculate the remainder when 15 is divided by l.
5
Let p(n) = -n**3 + 2*n**2 - 3*n + 2. Let f be p(2). What is the remainder when 64/10 - 2/5 is divided by (-33)/(-6) - (-6)/f?
2
Suppose -3*g = 2*n - 29 - 92, g = -n + 60. Calculate the remainder when n is divided by 30.
29
Suppose p - 18 = -5*q - 4, -3*p = q. What is the remainder when 124/q + 2/(-6) is divided by 11?
8
Let y(g) = 11*g - 11. What is the remainder when y(7) is divided by 14?
10
Let a(y) = 2*y**3 - 6*y**2 + 2. Calculate the remainder when a(4) is divided by 9.
7
Let u = -14 - -24. Suppose 0 = 3*l - u - 26. What is the remainder when 45 is divided by l?
9
Suppose 3*a - 6 = 9. Suppose -4*b + u + 26 = 3*u, 0 = -2*b + a*u + 43. Calculate the remainder when b is divided by 6.
3
Suppose -32*q + 31*q + 16 = 0. What is the remainder when 63 is divided by q?
15
Suppose -2*l = 2*l - 20. Suppose -l*c = -43 + 3. Calculate the remainder when 15 is divided by c.
7
Let y(h) = h**3 - 5*h**2 + 4*h + 8. Calculate the remainder when y(5) is divided by (-276)/(-27) - 10/45.
8
Let y(i) = i + 7. Let g be y(-3). Suppose 6*s - g*s - 56 = 0. What is the remainder when s is divided by 15?
13
Let l(d) = d**2 - 5*d + 3. Let g = 238 + -106. Let s be (-6)/(-15) + g/20. What is the remainder when 49 is divided by l(s)?
15
Let m(r) = r**2 + 9*r + 10. Let l be m(-8). Suppose 2*y = l*i - y - 10, 0 = 5*i - 5*y - 25. Calculate the remainder when i is divided by 2/2 - (-3 - -1).
2
Suppose 17*p - 15*p - 32 = 0. What is the remainder when 95 is divided by p?
15
What is the remainder when 69/(-15)*(-2 - 3) is divided by 7?
2
Suppose -5*l + 3*h - 38 = -l, -53 = 5*l - h. Let q = l + 18. What is the remainder when (-7)/(-7) + -1 + 13 is divided by q?
6
Suppose -9 - 1 = 5*r, -h - 5*r + 9 = 0. Calculate the remainder when h is divided by 5.
4
Let v(x) = 38*x - 6. Let r be v(4). Suppose -31 + r = 5*f. Let w = -18 + 26. What is the remainder when f is divided by w?
7
Suppose -4*k + 24 = -2*k. Let r = -9 + k. Calculate the remainder when r is divided by 3.
0
Let c(z) = 2*z - 3. Let y be c(-5). Let r = y - -28. Calculate the remainder when r is divided by 6.
3
Let y(a) = 6*a - 90. What is the remainder when 94 is divided by y(23)?
46
Let p(s) be the third derivative of -s**6/120 - s**5/60 + s**4/12 + s**3/2 - s**2. Suppose 8 = -4*t - 0*t. What is the remainder when p(t) is divided by 2?
1
Let n(b) = b**2 + b + 3. Let j be n(0). Suppose v = -0*v + j. What is the remainder when 4 is divided by v?
1
Suppose 15 = 7*g - 2*g. Suppose 33 = g*n - 5*o, 3*o - 5*o - 12 = -n. Calculate the remainder when (-9)/15 - (-166)/10 is divided by n.
4
Let z(i) = -i**3 - 8*i**2 - 8*i - 2. Let g be z(-7). Suppose 5*u + g*s = 185, 4*u + 3*s = 60 + 88. Calculate the remainder when u is divided by 13.
11
Let z = 7 + 41. Calculate the remainder when z is divided by 3.
0
Suppose 72 = 7*n - 327. What is the remainder when n is divided by 15?
12
Let i(y) be the second derivative of y**4/6 + y**3/3 + 3*y**2/2 - y. Calculate the remainder when i(-2) is divided by 3.
1
Let o(w) = w**2 + 3*w - 3. Let r(l) = -l**2 + 6*l + 2. Suppose 2*j - 2 = -8, -2*n + 15 = -j. Let m be r(n). Calculate the remainder when 12 is divided by o(m).
5
Suppose 180 = 5*d - 3*f, 0 = -2*d + 4*d + 3*f - 93. What is the remainder when 155 is divided by d?
38
Let n = -16 + 30. What is the remainder when 67 is divided by n?
11
Let l be 2/(3 + (-2)/2). Let w(m) = l - 1 + m. What is the remainder when w(6) is divided by 4?
2
Let s = 11 + 28. What is the remainder when s is divided by 10?
9
Let n = 9 + 21. Calculate the remainder when 89 is divided by n.
29
Let u = 0 - -11. Calculate the remainder when ((-43)/(-2) + -1)*2 is divided by u.
8
Let k = 23 - 13. Calculate the remainder when 16 is divided by k.
6
Suppose -3*l - 2 = -h, 0 = 3*h + 5*l - 91 + 29. What is the remainder when ((-26)/(-4))/((-1)/(-4)) is divided by h?
12
Suppose -m = 2*z - 2*m - 289, z = -m + 143. What is the remainder when z is divided by 37?
33
Calculate the remainder when 62 is divided by 88/12*-1*-3.
18
Let a = 13 + -10. Suppose a*u - 6*u + 30 = 0. Calculate the remainder when 39 is divided by u.
9
Suppose -30 = -3*r + 45. Suppose 4*h + 0*h = 392. What is the remainder when h is divided by r?
23
Let d = -7 - -7. Suppose -u + 5 = -d*u. What is the remainder when 17 is divided by u?
2
Let i = 7 + 4. Calculate the remainder when 53 is divided by i.
9
Suppose 0*b - 50 = -5*b. Suppose b = l + 2*s, -l + 0*s + 10 = -s. What is the remainder when 19 is divided by l?
9
Calculate the remainder when ((-2)/3)/((-1)/42) is divided by 10.
8
Let a(b) = -5*b + 59. Suppose -2*o + 13 = -4*c + 3, -20 = -o - 3*c. Calculate the remainder when o is divided by a(11).
3
Suppose -4*n - 20 = -8*n. Suppose -n*m = -0*m - 20. Calculate the remainder when 7 is divided by m.
3
Suppose 2*c + 0*c - 5*t = 24, -4*t = c - 12. Calculate the remainder when 43 is divided by c.
7
Let x be 4/(-2) - (3 + 2). Let m(j) = -j**3 - 7*j**2 - 6*j - 6. What is the remainder when m(x) is divided by 19?
17
Suppose 5*h = 38 + 32. Let t be 3/4 - h/8. Calculate the remainder when 17 is divided by t - 2/((-2)/7).
5
Suppose 4*r + 2*j - 220 = 0, r = 4*j + 26 + 38. Calculate the remainder when 218 is divided by r.
50
Let g = 3 + 10. Suppose 3*q + 11*q - 322 = 0. What is the remainder when q is divided by g?
10
Let v be 5/3 + (-4)/(-12). Suppose 0 = v*r - 28 + 6. What is the remainder when 21 is divided by r?
10
Let b(n) = 3*n - 3*n + 3*n - 15. What is the remainder when b(12) is divided by 11?
10
Let c(v) = 2*v**2 - 10*v + 4. Calculate the remainder when 13 is divided by c(5).
1
Let p = 38 - 33. Calculate the remainder when 14 is divided by p.
4
Let w(s) = 2*s**2 + 8*s - 6. Let f = 9 + 1. Calculate the remainder when w(-8) is divided by f.
8
Let k(r) = r**2 - 4*r - 5. Let m = 46 - 25. Calculate the remainder when k(-5) is divided by m.
19
Suppose r - 5 = 5*n - 1, 0 = -2*n. Calculate the remainder when 5 is divided by r.
1
Let w(a) = -a**3 - a**2 - 2*a - 1. What is the remainder when w(-2) is divided by 5?
2
Suppose 0*p = -4*p - 232. Let i = -25 - p. Calculate the remainder when i is divided by 17.
16
Let c(q) = 7*q**2 - q - 1. Let p = -8 - -7. Let r be c(p). Suppose r = m - 6. Calculate the remainder when m is divided by 5.
3
Let f = 1 + 2. Calculate the remainder when 5 is divided by f.
2
Let t(w) be the third derivative of w**6/120 - 7*w**5/60 - 7*w**4/24 - 4*w**2. Calculate the remainder when 31 is divided by t(8).
7
Let f = -